= -c + 20. Calculate the remainder when c is divided by u.
12
Let i be (-6)/(-10) - (-270)/50. Suppose 3*l = 5*l + i. Calculate the remainder when 12 is divided by 4 - ((-1 - l) + -2).
0
Let c(u) = -2*u - 84. Calculate the remainder when 131 is divided by c(-57).
11
Let o be 952/18 - (-2)/18. Let i = 61 - o. Calculate the remainder when 55 is divided by i.
7
Let n(p) = 2*p**3 + 2*p**2 + p + 1. Let f be 4/10*((-20)/5 - -9). What is the remainder when 52 is divided by n(f)?
25
Let n = -575 + 617. What is the remainder when n is divided by 23?
19
Suppose 156 = 4*p + 2*v + v, -4*p - 2*v + 156 = 0. Suppose -7*l + p = -4*l. Calculate the remainder when l is divided by 4.
1
Suppose 5*a - z + 9 = z, 2*z - 2 = -2*a. What is the remainder when 21 is divided by (15/6)/(a/(-6))?
6
Let p be 1*(4 - 4 - 4 - -12). Calculate the remainder when 117 is divided by (-1)/2 + 31*4/p.
12
Let s = -1595 + 1659. What is the remainder when 764 is divided by s?
60
Suppose 54*y - 299 = 241. Calculate the remainder when (-1 - 30/4)*-8 is divided by y.
8
Suppose 5*d - c - 16 - 3 = 0, 3*c = -4*d + 19. Suppose -d*f - f = -90. Calculate the remainder when (-42)/105*(-710)/4 is divided by f.
17
Suppose j + 0*v = -4*v + 9, 0 = j + 2*v - 11. Calculate the remainder when (j/39)/((-1)/(-33)) is divided by 8/(-20) - (-74)/10.
4
Suppose 4*m + 32 = -4*c, 0*c - 5*m - 20 = 3*c. Let t = -68 - -145. Let w = t - c. What is the remainder when w is divided by 22?
21
Let d(v) = -v**2 + 19*v - 47. Let u be d(16). Suppose -9 - 1 = -5*p + b, 0 = -4*p + 5*b - 13. Calculate the remainder when p is divided by -1 + (40/16 - u/2).
0
Let v = 4 - 4. Suppose 2*z - z = 9*z. Calculate the remainder when (v - z) + (12 - 8) is divided by 4.
0
Suppose 2*d + 2*n + 6 = 28, 4*n + 12 = 0. Let k(w) be the third derivative of w**4/4 - 5*w**3/2 - w**2 - 18. Calculate the remainder when k(9) is divided by d.
11
Suppose 5*o = -5*k + 200, 3*k - 6*k + 12 = 0. Calculate the remainder when o is divided by 22.
14
Let y(w) = -w**3 + w**2. Let g be 1/2*(-5 - -3). Let c be y(g). Suppose 3*h = c*h + 19. Calculate the remainder when 55 is divided by h.
17
Suppose 3*k + 3 = -4*v, -2*v - k + 4 = v. Suppose -3 - v = -2*q. Suppose -q*y - 57 = -6*y. What is the remainder when 35 is divided by y?
16
Let f(g) = -15*g - 4. Let m be f(-4). Suppose 0*y + 4*y = m. What is the remainder when y is divided by -2*(-3 - -2)*4?
6
Suppose 5*z - 4*o = 65, z + 5*o - 27 - 15 = 0. Let m = 45 - -22. Let i = -35 + m. Calculate the remainder when i is divided by z.
15
Suppose 185*q - 188*q + 1068 = 0. What is the remainder when q is divided by 30?
26
Let k(f) = 16*f**2. Let z(g) = -4*g + 2. Let o be z(-3). Let c = o + -8. Calculate the remainder when k(-1) is divided by c.
4
Let t(n) = -n**3 + 3*n**2 + 29*n + 11. What is the remainder when t(7) is divided by 7?
4
Suppose -4*j - 46 = -4*m + 14, -4*m - 3*j + 67 = 0. Suppose -m*c + 15*c = -14. What is the remainder when ((-53)/3)/((-2)/6) is divided by c?
11
Let n = -632 - -651. Let j(r) = 7*r + 2 + 11*r - 3 + 4. Calculate the remainder when j(4) is divided by n.
18
Suppose -5*j + 196 = 61. Suppose 156*d - 158*d + 40 = 0. Calculate the remainder when j is divided by d.
7
Let k be 45*(70/(-15) - -4). Let j = 42 + k. Calculate the remainder when 21 is divided by j.
9
Suppose 10 = 3*t + 1. Suppose m + t*p - 3 = 4*m, -4*m + 2*p = -6. Suppose m*y + y - 140 = 0. Calculate the remainder when 110 is divided by y.
26
Let g be -6*(-2)/18*9/2. Let n be -1 - (2 - 2 - 4). Calculate the remainder when 10 is divided by (-28)/(-12)*g - n.
2
Suppose -200 = -5*z - 5*a, -17*z + 5*a = -14*z - 136. Calculate the remainder when z is divided by 12.
6
Suppose -25 = -5*a + 3*j + j, -4*j = 3*a - 47. Let s = a + 2. Calculate the remainder when s is divided by 4.
3
Let b = -656 - -660. What is the remainder when 14 is divided by b?
2
Let t(y) = y**2 + 11*y + 36. Calculate the remainder when 192 is divided by t(-5).
0
Suppose 15*z - 34*z + 703 = 0. What is the remainder when 589 is divided by z?
34
Suppose 14*r + 29 = 16*r - 5*j, 0 = 2*r + 4*j - 38. Calculate the remainder when 42 is divided by r.
8
Suppose 2*d - 3*d + 13 = -3*u, d + 5*u = 37. What is the remainder when 80 is divided by d?
14
Let s(w) = -8*w + 196. Calculate the remainder when s(20) is divided by 14.
8
Suppose -5*r = -0*r - 85. Let o = -1 + r. Let p(w) = -w**3 + 22*w**2 + 54*w - 116. What is the remainder when p(24) is divided by o?
12
Suppose 50 - 167 = -3*i. Let s = i + 8. Calculate the remainder when s is divided by 12.
11
Suppose -5*j - 20 + 0 = 0. Let s be ((-2)/j)/((-2)/(-48)). Let l = s - 6. Calculate the remainder when 10 is divided by l.
4
Let u(k) = -5*k**3 - k - 2. Let z = 17 + -15. Suppose c = z*f + 14, c + 1 = -f + 15. What is the remainder when u(-2) is divided by c?
12
Let j = -30 + 43. What is the remainder when (-30)/4*(-128)/40 is divided by j?
11
Let g = 11 + -5. Let f be ((-12)/(-9))/(4/12). Suppose f*i - 108 = u, -2*u = -4*u. Calculate the remainder when i is divided by g.
3
Suppose 0 = 29*o - 14*o - 2730. What is the remainder when o is divided by 31?
27
Let n = 118 - 56. Calculate the remainder when n is divided by (8/5)/((-3)/(-30)).
14
Let p be (1 - 0)/(-2 - -3) - -4. Suppose 2*r + g = 49, p*r - 27 = 4*r + 2*g. Calculate the remainder when r is divided by 10.
5
Suppose 5*b - 5 - 1075 = 0. Calculate the remainder when b is divided by 37.
31
Suppose -2*c - 11 - 1 = 0. Let z(p) = -p**3 - 8*p**2 - 7*p + 2. Let d be z(c). What is the remainder when 10 is divided by 14/d*(0 + -8)?
2
Suppose -a = -4*b - 64 - 13, -3*a = -3*b - 231. Calculate the remainder when a is divided by 9.
5
Suppose 5*z = 5*j + 6*z - 25, -27 = -3*j - 3*z. Suppose -j*m + 5*y + 47 = 0, 3*y + 0 = m - 3. Calculate the remainder when 31 is divided by m.
13
Suppose 32 - 2 = 6*a. Suppose -w = a, -3*n = -2*n + 4*w + 10. Let s(m) = m**2 - 3*m + 7. Calculate the remainder when s(5) is divided by n.
7
Suppose p - 4*p = -b + 24, 2*p = b - 19. What is the remainder when 96 is divided by -6 + b + -1 + 23?
21
Let u = 173 - 99. Calculate the remainder when u is divided by 8.
2
Suppose 61*f - 312 = 57*f. Calculate the remainder when f is divided by 16.
14
Calculate the remainder when 0 - -67 - (-64)/(-16) - 2 is divided by -1*(-2 + -1)*7.
19
Suppose -855 = -8*o + 5*o. Let m = o + -111. What is the remainder when m is divided by 44?
42
Let g = -23 + -23. Let u = g + 100. Calculate the remainder when u is divided by 20.
14
Let r(l) = l**3 + 13*l**2 + l + 16. Let i be r(-13). Suppose i*c + 243 = 4*v, -v - 3*c + 51 = -7*c. Calculate the remainder when v is divided by 32.
31
Let x = 11 + -29. Let f = 24 + x. Calculate the remainder when (1/2)/((-1)/(-46)) is divided by f.
5
Let d = 142 - 84. Suppose 0 = -2*w + y + d, 16 = w - y - 13. What is the remainder when w is divided by 16?
13
Let f(v) = 14*v - 32. What is the remainder when (-4)/(-2) - -3*(-4 + 12) is divided by f(3)?
6
Suppose -21*a + 23*a - 4 = 0. Suppose 2*d + 4*u - 82 = 0, -7*d = -a*d - 3*u - 205. What is the remainder when d is divided by 7?
6
Let v(d) = -7*d - 19. Let j(k) = k**3 - 5*k**2 + k - 11. Let w be j(5). Calculate the remainder when 113 is divided by v(w).
21
Let z(d) = 82*d + 2765. Suppose 4*m - 81 = -3*v, 2*v - m - 65 = -0*m. What is the remainder when z(-33) is divided by v?
28
Suppose 11*f = 5*r + 6*f - 155, 3*f = 4*r - 122. Calculate the remainder when r is divided by 25.
4
Let i(d) = 10*d + 248. Calculate the remainder when i(11) is divided by 28.
22
Suppose -5*q + 14 = 4*p + 1, -p + q + 1 = 0. Suppose 36 = 3*s + p*r + 2*r, -5*s + 3*r + 31 = 0. What is the remainder when 54 is divided by s?
6
Let y = 261 + -258. Calculate the remainder when 3 is divided by y.
0
Let n = -83 + 153. Calculate the remainder when (-3)/(-6)*n + -7 + 3 is divided by 8.
7
Let g be 2/((-4)/(8 + 0)). Let c = g + 8. Suppose 5*p = c*p - 5*h + 74, 286 = 5*p - 3*h. What is the remainder when p is divided by 15?
14
Let v = 20464 - 20458. Calculate the remainder when ((-9)/(-2))/((-1)/(-18)) is divided by v.
3
Let h(m) = 12*m + 173. Suppose -14 = -v + 8. What is the remainder when h(-11) is divided by v?
19
Let n = -103 + -50. Let c = -107 - n. Calculate the remainder when c is divided by 16.
14
Suppose -408 = 34*x - 2924. Suppose 0 = 4*j - j - 45. 